{"id":137,"date":"2015-02-26T13:56:38","date_gmt":"2015-02-26T12:56:38","guid":{"rendered":"https:\/\/ecole-stjoseph-saffre.fr\/?page_id=137"},"modified":"2023-07-25T15:35:18","modified_gmt":"2023-07-25T14:35:18","slug":"projet-educatif","status":"publish","type":"page","link":"https:\/\/ecole-stjoseph-saffre.fr\/?page_id=137","title":{"rendered":"Projet \u00e9ducatif"},"content":{"rendered":"<p><a href=\"https:\/\/ecole-stjoseph-saffre.fr\/wp-content\/uploads\/2023\/07\/Affiche-Projet-educatif-de-lecole-St-Joseph-59.4-\u00d7-42-cm.jpg\"><img loading=\"lazy\" decoding=\"async\" class=\"aligncenter wp-image-8619 size-large\" src=\"https:\/\/ecole-stjoseph-saffre.fr\/wp-content\/uploads\/2023\/07\/Affiche-Projet-educatif-de-lecole-St-Joseph-59.4-\u00d7-42-cm-1024x724.jpg\" alt=\"\" width=\"1024\" height=\"724\" srcset=\"https:\/\/ecole-stjoseph-saffre.fr\/wp-content\/uploads\/2023\/07\/Affiche-Projet-educatif-de-lecole-St-Joseph-59.4-\u00d7-42-cm-1024x724.jpg 1024w, https:\/\/ecole-stjoseph-saffre.fr\/wp-content\/uploads\/2023\/07\/Affiche-Projet-educatif-de-lecole-St-Joseph-59.4-\u00d7-42-cm-300x212.jpg 300w, https:\/\/ecole-stjoseph-saffre.fr\/wp-content\/uploads\/2023\/07\/Affiche-Projet-educatif-de-lecole-St-Joseph-59.4-\u00d7-42-cm-768x543.jpg 768w, https:\/\/ecole-stjoseph-saffre.fr\/wp-content\/uploads\/2023\/07\/Affiche-Projet-educatif-de-lecole-St-Joseph-59.4-\u00d7-42-cm-1536x1086.jpg 1536w, https:\/\/ecole-stjoseph-saffre.fr\/wp-content\/uploads\/2023\/07\/Affiche-Projet-educatif-de-lecole-St-Joseph-59.4-\u00d7-42-cm-2048x1448.jpg 2048w, https:\/\/ecole-stjoseph-saffre.fr\/wp-content\/uploads\/2023\/07\/Affiche-Projet-educatif-de-lecole-St-Joseph-59.4-\u00d7-42-cm-1528x1080.jpg 1528w\" sizes=\"(max-width: 1024px) 100vw, 1024px\" \/><\/a><\/p>\n<p style=\"text-align: justify;\">Le flyer de pr\u00e9sentation du Projet \u00e9ducatif est distribu\u00e9 chaque ann\u00e9e aux nouvelles familles.<\/p>\n","protected":false},"excerpt":{"rendered":"<p>Le flyer de pr\u00e9sentation du Projet \u00e9ducatif est distribu\u00e9 chaque ann\u00e9e aux nouvelles familles.<\/p>\n","protected":false},"author":2,"featured_media":0,"parent":0,"menu_order":0,"comment_status":"closed","ping_status":"closed","template":"","meta":{"ngg_post_thumbnail":0,"footnotes":""},"_links":{"self":[{"href":"https:\/\/ecole-stjoseph-saffre.fr\/index.php?rest_route=\/wp\/v2\/pages\/137"}],"collection":[{"href":"https:\/\/ecole-stjoseph-saffre.fr\/index.php?rest_route=\/wp\/v2\/pages"}],"about":[{"href":"https:\/\/ecole-stjoseph-saffre.fr\/index.php?rest_route=\/wp\/v2\/types\/page"}],"author":[{"embeddable":true,"href":"https:\/\/ecole-stjoseph-saffre.fr\/index.php?rest_route=\/wp\/v2\/users\/2"}],"replies":[{"embeddable":true,"href":"https:\/\/ecole-stjoseph-saffre.fr\/index.php?rest_route=%2Fwp%2Fv2%2Fcomments&post=137"}],"version-history":[{"count":2,"href":"https:\/\/ecole-stjoseph-saffre.fr\/index.php?rest_route=\/wp\/v2\/pages\/137\/revisions"}],"predecessor-version":[{"id":8622,"href":"https:\/\/ecole-stjoseph-saffre.fr\/index.php?rest_route=\/wp\/v2\/pages\/137\/revisions\/8622"}],"wp:attachment":[{"href":"https:\/\/ecole-stjoseph-saffre.fr\/index.php?rest_route=%2Fwp%2Fv2%2Fmedia&parent=137"}],"curies":[{"name":"wp","href":"https:\/\/api.w.org\/{rel}","templated":true}]}}

Projet éducatif

<p><a href="https://ecole-stjoseph-saffre.fr/wp-content/uploads/2023/07/Affiche-Projet-educatif-de-lecole-St-Joseph-59.4-×-42-cm.jpg"><img loading="lazy" decoding="async" class="aligncenter wp-image-8619 size-large" src="https://ecole-stjoseph-saffre.fr/wp-content/uploads/2023/07/Affiche-Projet-educatif-de-lecole-St-Joseph-59.4-×-42-cm-1024x724.jpg" alt="" width="1024" height="724" srcset="https://ecole-stjoseph-saffre.fr/wp-content/uploads/2023/07/Affiche-Projet-educatif-de-lecole-St-Joseph-59.4-×-42-cm-1024x724.jpg 1024w, https://ecole-stjoseph-saffre.fr/wp-content/uploads/2023/07/Affiche-Projet-educatif-de-lecole-St-Joseph-59.4-×-42-cm-300x212.jpg 300w, https://ecole-stjoseph-saffre.fr/wp-content/uploads/2023/07/Affiche-Projet-educatif-de-lecole-St-Joseph-59.4-×-42-cm-768x543.jpg 768w, https://ecole-stjoseph-saffre.fr/wp-content/uploads/2023/07/Affiche-Projet-educatif-de-lecole-St-Joseph-59.4-×-42-cm-1536x1086.jpg 1536w, https://ecole-stjoseph-saffre.fr/wp-content/uploads/2023/07/Affiche-Projet-educatif-de-lecole-St-Joseph-59.4-×-42-cm-2048x1448.jpg 2048w, https://ecole-stjoseph-saffre.fr/wp-content/uploads/2023/07/Affiche-Projet-educatif-de-lecole-St-Joseph-59.4-×-42-cm-1528x1080.jpg 1528w" sizes="(max-width: 1024px) 100vw, 1024px" /></a></p>
<p style="text-align: justify;">Le flyer de présentation du Projet éducatif est distribué chaque année aux nouvelles familles.</p>

<p>Le flyer de présentation du Projet éducatif est distribué chaque année aux nouvelles familles.</p>
