{"id":47,"date":"2015-02-05T10:19:59","date_gmt":"2015-02-05T09:19:59","guid":{"rendered":"https:\/\/ecole-stjoseph-saffre.fr\/?page_id=47"},"modified":"2023-07-25T16:30:11","modified_gmt":"2023-07-25T15:30:11","slug":"le-conseil-detablissement","status":"publish","type":"page","link":"https:\/\/ecole-stjoseph-saffre.fr\/?page_id=47","title":{"rendered":"Le Conseil d&#8217;Etablissement"},"content":{"rendered":"<h3>Son objectif :&nbsp; r\u00e9unir les diff\u00e9rentes composantes de la communaut\u00e9 \u00e9ducative pour \u00e9changer sur les r\u00e9alit\u00e9s de l\u2019\u00e9cole et r\u00e9fl\u00e9chir \u00e0&nbsp;des actions \u00e9ducatives.<\/h3>\n<p>Il se r\u00e9unit 2 ou 3 fois par an et se compose ainsi :<\/p>\n<p>&#8211; le chef d\u2019\u00e9tablissement<\/p>\n<p>&#8211; les repr\u00e9sentants d\u2019enseignants<\/p>\n<p>&#8211; les repr\u00e9sentants du personnel \u00e9ducatif<\/p>\n<p>&#8211; le pr\u00e9sident d\u2019OGEC et deux membres<\/p>\n<p>&#8211; un repr\u00e9sentant de parents par classe (non-membre OGEC)<\/p>\n<p><i>&nbsp;&nbsp;&nbsp;&nbsp;&nbsp;&nbsp;&nbsp;&nbsp;&nbsp;&nbsp;&nbsp;&nbsp;&nbsp;&nbsp;&nbsp;&nbsp;&nbsp;&nbsp;&nbsp; + la parole des enfants<\/i><\/p>\n<p>&nbsp;<\/p>\n<p style=\"text-align: left;\"><span style=\"text-decoration: underline;\">Sujets d\u00e9j\u00e0 abord\u00e9s<\/span>&nbsp;:<\/p>\n<ul>\n<li>La violence \u00e0 l\u2019\u00e9cole<\/li>\n<li>Les rythmes scolaires&nbsp;<\/li>\n<li>Les enfants et les \u00e9crans<\/li>\n<li>Le projet \u00e9ducatif de l&#8217;\u00e9cole<\/li>\n<li>la communication \u00e9cole \/ maison<\/li>\n<\/ul>\n<p>Les comptes rendus sont disponibles sur demande si vous ne les avez pas re\u00e7us.<\/p>\n","protected":false},"excerpt":{"rendered":"<p>Son objectif :&nbsp; r\u00e9unir les diff\u00e9rentes composantes de la communaut\u00e9 \u00e9ducative pour \u00e9changer sur les r\u00e9alit\u00e9s de l\u2019\u00e9cole et r\u00e9fl\u00e9chir \u00e0&nbsp;des actions \u00e9ducatives. Il se r\u00e9unit 2 ou 3 fois par an et se compose ainsi : &#8211; le chef d\u2019\u00e9tablissement &#8211; les repr\u00e9sentants d\u2019enseignants &#8211; les repr\u00e9sentants du personnel \u00e9ducatif &#8211; le pr\u00e9sident d\u2019OGEC&hellip; <br \/> <a class=\"read-more\" href=\"https:\/\/ecole-stjoseph-saffre.fr\/?page_id=47\">Lire la suite<\/a><\/p>\n","protected":false},"author":2,"featured_media":0,"parent":0,"menu_order":0,"comment_status":"closed","ping_status":"closed","template":"","meta":{"ngg_post_thumbnail":0,"footnotes":""},"_links":{"self":[{"href":"https:\/\/ecole-stjoseph-saffre.fr\/index.php?rest_route=\/wp\/v2\/pages\/47"}],"collection":[{"href":"https:\/\/ecole-stjoseph-saffre.fr\/index.php?rest_route=\/wp\/v2\/pages"}],"about":[{"href":"https:\/\/ecole-stjoseph-saffre.fr\/index.php?rest_route=\/wp\/v2\/types\/page"}],"author":[{"embeddable":true,"href":"https:\/\/ecole-stjoseph-saffre.fr\/index.php?rest_route=\/wp\/v2\/users\/2"}],"replies":[{"embeddable":true,"href":"https:\/\/ecole-stjoseph-saffre.fr\/index.php?rest_route=%2Fwp%2Fv2%2Fcomments&post=47"}],"version-history":[{"count":5,"href":"https:\/\/ecole-stjoseph-saffre.fr\/index.php?rest_route=\/wp\/v2\/pages\/47\/revisions"}],"predecessor-version":[{"id":8625,"href":"https:\/\/ecole-stjoseph-saffre.fr\/index.php?rest_route=\/wp\/v2\/pages\/47\/revisions\/8625"}],"wp:attachment":[{"href":"https:\/\/ecole-stjoseph-saffre.fr\/index.php?rest_route=%2Fwp%2Fv2%2Fmedia&parent=47"}],"curies":[{"name":"wp","href":"https:\/\/api.w.org\/{rel}","templated":true}]}}