{"id":8192,"date":"2022-12-13T11:03:56","date_gmt":"2022-12-13T10:03:56","guid":{"rendered":"https:\/\/ecole-stjoseph-saffre.fr\/?page_id=8192"},"modified":"2022-12-13T11:03:56","modified_gmt":"2022-12-13T10:03:56","slug":"inscriptions","status":"publish","type":"page","link":"https:\/\/ecole-stjoseph-saffre.fr\/?page_id=8192","title":{"rendered":"Inscriptions"},"content":{"rendered":"<p><a href=\"https:\/\/ecole-stjoseph-saffre.fr\/wp-content\/uploads\/2022\/12\/inscriptions-scolaire-2022-2023.jpg\"><img loading=\"lazy\" decoding=\"async\" class=\"size-medium wp-image-8190 alignright\" src=\"https:\/\/ecole-stjoseph-saffre.fr\/wp-content\/uploads\/2022\/12\/inscriptions-scolaire-2022-2023-300x133.jpg\" alt=\"\" width=\"300\" height=\"133\" srcset=\"https:\/\/ecole-stjoseph-saffre.fr\/wp-content\/uploads\/2022\/12\/inscriptions-scolaire-2022-2023-300x133.jpg 300w, https:\/\/ecole-stjoseph-saffre.fr\/wp-content\/uploads\/2022\/12\/inscriptions-scolaire-2022-2023-768x341.jpg 768w, https:\/\/ecole-stjoseph-saffre.fr\/wp-content\/uploads\/2022\/12\/inscriptions-scolaire-2022-2023.jpg 900w\" sizes=\"(max-width: 300px) 100vw, 300px\" \/><\/a>Pour inscrire votre enfant, vous pouvez prendre rendez-vous avec le chef d&#8217;\u00e9tablissement qui vous accueillera pour faire connaissance et vous pr\u00e9senter l&#8217;\u00e9cole.<\/p>\n","protected":false},"excerpt":{"rendered":"<p>Pour inscrire votre enfant, vous pouvez prendre rendez-vous avec le chef d&#8217;\u00e9tablissement qui vous accueillera pour faire connaissance et vous pr\u00e9senter l&#8217;\u00e9cole.<\/p>\n","protected":false},"author":2,"featured_media":0,"parent":0,"menu_order":0,"comment_status":"closed","ping_status":"closed","template":"","meta":{"ngg_post_thumbnail":0,"footnotes":""},"_links":{"self":[{"href":"https:\/\/ecole-stjoseph-saffre.fr\/index.php?rest_route=\/wp\/v2\/pages\/8192"}],"collection":[{"href":"https:\/\/ecole-stjoseph-saffre.fr\/index.php?rest_route=\/wp\/v2\/pages"}],"about":[{"href":"https:\/\/ecole-stjoseph-saffre.fr\/index.php?rest_route=\/wp\/v2\/types\/page"}],"author":[{"embeddable":true,"href":"https:\/\/ecole-stjoseph-saffre.fr\/index.php?rest_route=\/wp\/v2\/users\/2"}],"replies":[{"embeddable":true,"href":"https:\/\/ecole-stjoseph-saffre.fr\/index.php?rest_route=%2Fwp%2Fv2%2Fcomments&post=8192"}],"version-history":[{"count":1,"href":"https:\/\/ecole-stjoseph-saffre.fr\/index.php?rest_route=\/wp\/v2\/pages\/8192\/revisions"}],"predecessor-version":[{"id":8194,"href":"https:\/\/ecole-stjoseph-saffre.fr\/index.php?rest_route=\/wp\/v2\/pages\/8192\/revisions\/8194"}],"wp:attachment":[{"href":"https:\/\/ecole-stjoseph-saffre.fr\/index.php?rest_route=%2Fwp%2Fv2%2Fmedia&parent=8192"}],"curies":[{"name":"wp","href":"https:\/\/api.w.org\/{rel}","templated":true}]}}