{"id":98,"date":"2015-02-10T15:46:49","date_gmt":"2015-02-10T14:46:49","guid":{"rendered":"https:\/\/ecole-stjoseph-saffre.fr\/?page_id=98"},"modified":"2023-06-15T10:34:10","modified_gmt":"2023-06-15T09:34:10","slug":"presentation","status":"publish","type":"page","link":"https:\/\/ecole-stjoseph-saffre.fr\/?page_id=98","title":{"rendered":"Pr\u00e9sentation"},"content":{"rendered":"<p><span style=\"font-weight: 400;\">\u00c0 l&#8217;\u00e9cole St Joseph, nous n&#8217;avons qu&#8217;une seule association : l&#8217;OGEC. Notre association regroupe donc les r\u00f4les d&#8217;un Organisme de Gestion de l\u2019Enseignement Catholique (=OGEC) et d&#8217;une APEL (=Association des Parents d&#8217;El\u00e8ves). Lors de l&#8217;inscription de leur premier enfant \u00e0 l&#8217;\u00e9cole, les parents sont invit\u00e9s \u00e0 devenir membre de l&#8217;association. Mais qu&#8217;est-ce l&#8217;OGEC ?&nbsp;<\/span><\/p>\n<p>&nbsp;<\/p>\n<h3><span style=\"font-weight: 400;\">R\u00f4les de l\u2019O.G.E.C. :<\/span><\/h3>\n<p><span style=\"font-weight: 400;\">L\u2019OGEC a pour but d\u2019offrir aux enseignants, ASEM, AESH\u2026 les conditions mat\u00e9rielles qui permettent la r\u00e9alisation du projet \u00e9ducatif de l\u2019\u00e9tablissement.<\/span><\/p>\n<p><span style=\"font-weight: 400;\">C&#8217;est l\u2019Enseignement Catholique qui lui confie ce r\u00f4le. L\u2019O.G.E.C. constitue ainsi le support juridique de l\u2019action d\u2019enseignement et se trouve associ\u00e9 au service public de l\u2019\u00e9ducation gr\u00e2ce \u00e0 un contrat d\u2019association avec l\u2019\u00c9tat.<\/span><\/p>\n<div style=\"width: 940px;\" class=\"wp-video\"><!--[if lt IE 9]><script>document.createElement('video');<\/script><![endif]-->\n<video class=\"wp-video-shortcode\" id=\"video-98-1\" width=\"940\" height=\"788\" preload=\"metadata\" controls=\"controls\"><source type=\"video\/mp4\" src=\"https:\/\/ecole-stjoseph-saffre.fr\/wp-content\/uploads\/2023\/06\/OGEC-Kezako-2.mp4?_=1\" \/><a href=\"https:\/\/ecole-stjoseph-saffre.fr\/wp-content\/uploads\/2023\/06\/OGEC-Kezako-2.mp4\">https:\/\/ecole-stjoseph-saffre.fr\/wp-content\/uploads\/2023\/06\/OGEC-Kezako-2.mp4<\/a><\/video><\/div>\n<p>&nbsp;<\/p>\n<p><span style=\"font-weight: 400;\">Le r\u00f4le de l\u2019O.G.E.C. s\u2019exerce donc dans quatre domaines principaux :<\/span><\/p>\n<ul>\n<li style=\"font-weight: 400;\" aria-level=\"1\"><span style=\"font-weight: 400;\">La Gestion \u00e9conomique et financi\u00e8re : L\u2019O.G.E.C. assure la vie mat\u00e9rielle et financi\u00e8re de l\u2019\u00e9tablissement : comptabilit\u00e9, gestion, finances<\/span><\/li>\n<li style=\"font-weight: 400;\" aria-level=\"1\"><span style=\"font-weight: 400;\">La Gestion sociale : L\u2019O.G.E.C. est l\u2019employeur du personnel non-enseignant (ASEM)<\/span><\/li>\n<li style=\"font-weight: 400;\" aria-level=\"1\"><span style=\"font-weight: 400;\">La Gestion immobili\u00e8re : L\u2019O.G.E.C. a la charge de l\u2019entretien des b\u00e2timents scolaires, voire de leur construction si n\u00e9cessaire<\/span><\/li>\n<li style=\"font-weight: 400;\" aria-level=\"1\"><span style=\"font-weight: 400;\">L\u2019Organisation des manifestations : En l\u2019absence d\u2019A.P.E.L, l\u2019O.G.E.C. g\u00e8re et organise \u00e9galement les diff\u00e9rentes manifestations annuelles (March\u00e9 de No\u00ebl, ventes de fromages, kermesse, etc\u2026).<\/span><\/li>\n<\/ul>\n<p><strong>Derri\u00e8re ces r\u00f4les importants pour le bon fonctionnement de l&#8217;\u00e9cole se cache donc une \u00e9quipe de parents b\u00e9n\u00e9voles, aux comp\u00e9tences vari\u00e9es. Rejoignez-nous !&nbsp;<\/strong><\/p>\n<p>&nbsp;<\/p>\n<h3><span style=\"font-weight: 400;\">L\u2019organisation de l\u2019O.G.E.C. :<\/span><\/h3>\n<p><span style=\"font-weight: 400;\">L\u2019O.G.E.C. est une association de type loi 1901. Il comporte un Conseil d\u2019Administration d\u2019une vingtaine de membres dont au moins deux membres de droit repr\u00e9sentant la tutelle : La Providence et l\u2019U.D.O.G.E.C. de Loire Atlantique. Les autres membres sont le chef d&#8217;\u00e9tablissement et les parents membres du CA.<\/span><\/p>\n<p><span style=\"font-weight: 400;\">Le bureau, d\u00e9sign\u00e9 par le CA, assure le bon fonctionnement de l\u2019association, dans le cadre des d\u00e9cisions prises par le Conseil d&#8217;administration, v\u00e9ritable organe d\u00e9cisionnaire de l\u2019O.G.E.C.<\/span><\/p>\n<p><span style=\"font-weight: 400;\">Le chef d&#8217;\u00e9tablissement assiste \u00e0 toutes les r\u00e9unions de l&#8217;O.G.E.C. et est associ\u00e9 \u00e0 son fonctionnement. L&#8217;O.G.E.C lui d\u00e9l\u00e8gue la gestion quotidienne.<\/span><\/p>\n<p><span style=\"font-weight: 400;\">Les parents peuvent devenir membre OGEC quand ils le souhaitent. Il suffit de remplir le bulletin d&#8217;adh\u00e9sion et de le renvoyer par mail ou via le cartable des enfants. L&#8217;adh\u00e9sion est gratuite.<\/span><\/p>\n<p><span style=\"font-weight: 400;\">Les <a href=\"https:\/\/ecole-stjoseph-saffre.fr\/wp-content\/uploads\/2023\/06\/Adhesion-Membre-Actif.docx\" target=\"_blank\" rel=\"noopener\">membres OGEC<\/a>, ont notamment le droit de vote \u00e0 l&#8217;AG. Notre assembl\u00e9e g\u00e9n\u00e9rale a lieu en fin d&#8217;ann\u00e9e civile. C&#8217;est \u00e0 ce moment que sont \u00e9lus les membres du Conseil d&#8217;Administration.&nbsp;<\/span><\/p>\n<p><span style=\"font-weight: 400;\">Il n&#8217;y a pas besoin de faire partie du CA pour aider l&#8217;association en participant aux matin\u00e9es petits travaux ou aux commissions.<\/span><\/p>\n<h3><span style=\"font-weight: 400;\">Les Ressources Financi\u00e8res de l&#8217;OGEC :<\/span><\/h3>\n<ul>\n<li style=\"font-weight: 400;\" aria-level=\"1\"><span style=\"font-weight: 400;\"><strong>Ressources publiques<\/strong> : L\u2019OGEC re\u00e7oit un concours financier de la commune, le forfait communal, qui concerne uniquement les d\u00e9penses de fonctionnement. En effet, la prise en charge des d\u00e9penses d\u2019investissement incombe \u00e0 l\u2019OGEC.<\/span><\/li>\n<li style=\"font-weight: 400;\" aria-level=\"1\"><span style=\"font-weight: 400;\"><strong>Ressources des familles<\/strong> : L\u2019O.G.E.C. re\u00e7oit des familles des contributions.<\/span><\/li>\n<li style=\"font-weight: 400;\" aria-level=\"1\"><span style=\"font-weight: 400;\"><strong>Autres ressources<\/strong> : Il est \u00e9galement possible pour l\u2019O.G.E.C. de recevoir des dons ou de b\u00e9n\u00e9ficier des syst\u00e8mes de solidarit\u00e9 financi\u00e8re mis en place au sein de l\u2019Enseignement Catholique, en particulier pour financer des projets immobiliers.<\/span><\/li>\n<li style=\"font-weight: 400;\" aria-level=\"1\"><strong>Ressources li\u00e9es aux manifestations et ventes<\/strong><\/li>\n<\/ul>\n<p>&nbsp;<\/p>\n<h3><span style=\"font-weight: 400;\">La F\u00e9d\u00e9ration Nationale et Union R\u00e9gionale des OGEC&nbsp;<\/span><\/h3>\n<p><span style=\"font-weight: 400;\">Les O.G.E.C. adh\u00e8rent \u00e0 des unions d\u00e9partementales ou r\u00e9gionales (<a href=\"https:\/\/www.udogec44.org\/\" target=\"_blank\" rel=\"noopener\">U.D.O.G.E.C. Loire Atlantique<\/a>). Ces Unions sont regroup\u00e9es au sein d\u2019une f\u00e9d\u00e9ration (<a href=\"https:\/\/www.fnogec.org\/\" target=\"_blank\" rel=\"noopener\">F.N.O.G.E.C.<\/a>).&nbsp;<\/span><\/p>\n","protected":false},"excerpt":{"rendered":"<p>\u00c0 l&#8217;\u00e9cole St Joseph, nous n&#8217;avons qu&#8217;une seule association : l&#8217;OGEC. Notre association regroupe donc les r\u00f4les d&#8217;un Organisme de Gestion de l\u2019Enseignement Catholique (=OGEC) et d&#8217;une APEL (=Association des Parents d&#8217;El\u00e8ves). Lors de l&#8217;inscription de leur premier enfant \u00e0 l&#8217;\u00e9cole, les parents sont invit\u00e9s \u00e0 devenir membre de l&#8217;association. Mais qu&#8217;est-ce l&#8217;OGEC ?&nbsp; &nbsp;&hellip; <br \/> <a class=\"read-more\" href=\"https:\/\/ecole-stjoseph-saffre.fr\/?page_id=98\">Lire la suite<\/a><\/p>\n","protected":false},"author":1,"featured_media":0,"parent":0,"menu_order":0,"comment_status":"closed","ping_status":"closed","template":"","meta":{"ngg_post_thumbnail":0,"footnotes":""},"_links":{"self":[{"href":"https:\/\/ecole-stjoseph-saffre.fr\/index.php?rest_route=\/wp\/v2\/pages\/98"}],"collection":[{"href":"https:\/\/ecole-stjoseph-saffre.fr\/index.php?rest_route=\/wp\/v2\/pages"}],"about":[{"href":"https:\/\/ecole-stjoseph-saffre.fr\/index.php?rest_route=\/wp\/v2\/types\/page"}],"author":[{"embeddable":true,"href":"https:\/\/ecole-stjoseph-saffre.fr\/index.php?rest_route=\/wp\/v2\/users\/1"}],"replies":[{"embeddable":true,"href":"https:\/\/ecole-stjoseph-saffre.fr\/index.php?rest_route=%2Fwp%2Fv2%2Fcomments&post=98"}],"version-history":[{"count":3,"href":"https:\/\/ecole-stjoseph-saffre.fr\/index.php?rest_route=\/wp\/v2\/pages\/98\/revisions"}],"predecessor-version":[{"id":8409,"href":"https:\/\/ecole-stjoseph-saffre.fr\/index.php?rest_route=\/wp\/v2\/pages\/98\/revisions\/8409"}],"wp:attachment":[{"href":"https:\/\/ecole-stjoseph-saffre.fr\/index.php?rest_route=%2Fwp%2Fv2%2Fmedia&parent=98"}],"curies":[{"name":"wp","href":"https:\/\/api.w.org\/{rel}","templated":true}]}}